 - 27. Let y = l + z. What is the units digit of y?
5
Let w(c) = c**2 - 12*c - 7. Let k be w(13). Suppose -q - 12 = 2*q. What is the units digit of q*1*k/(-12)?
2
Let l = 133 - 53. What is the units digit of l?
0
Let a(b) = b - 6. Suppose 4*s + 20 = 0, 3*l = -5*s - 4 - 3. Let q be a(l). Suppose 5*k - 70 = 5*f, q = -3*f - 1 - 5. What is the tens digit of k?
1
Let a = 7 - 5. What is the units digit of a?
2
Let a(l) = 29*l**2 - 2*l - 1. What is the units digit of a(-1)?
0
Suppose 10 = -q + 3. What is the tens digit of (30/(-8))/(q/28)?
1
Let i = -7 + 3. Let j(y) = -y - 1. Let c(h) = -h**3 - 3*h**2 + 9*h + 9. Let g(b) = -c(b) - 3*j(b). What is the units digit of g(i)?
2
Suppose -n = -f - 3*n + 57, 4*f - 3*n - 261 = 0. Let z = -41 + f. What is the tens digit of z?
2
Suppose 18 = 4*g - 10. Let y = 11 - g. Suppose -y*a + 12 = 4. What is the units digit of a?
2
Let d(v) = -2*v. Let b be d(6). Let h = b + 24. What is the tens digit of h?
1
Let u(m) = m**3 + 5*m**2 + 2*m. Suppose -3*b = 2*g - 3, 0*b + 2*b = 3*g + 15. What is the tens digit of u(g)?
1
Suppose -l - 16 = -5*l. Let f = 7 - l. What is the units digit of -2 - ((-39)/f + 1)?
0
Suppose 9 + 6 = o. Suppose 0 = 2*a + 3*a + 3*y - o, -a + 3*y + 3 = 0. What is the units digit of 1 + 6/3*a?
7
Let h be (-7)/((-28)/8) - -44. Let p = 1 + h. What is the tens digit of p?
4
Let y be 1 + 3/6*-2. Let s = 2 + y. Suppose 6*d = s*d + 8. What is the units digit of d?
2
Suppose -11*m = -1629 + 232. What is the tens digit of m?
2
Let q be 2/(-13) + 93/13. Let v(j) = 3*j - 5. What is the tens digit of v(q)?
1
Let s be 3/(5/((-70)/(-3))). Let n = 2 + s. What is the tens digit of n?
1
Let d = -38 + 110. What is the tens digit of d?
7
Suppose 5*o = -v + 5*v + 22, -4*o - v = -5. Suppose -u + o = -3. Suppose b - u = 1. What is the units digit of b?
6
Suppose 2*o + 3*o - 35 = 0. Let q = o + -4. Suppose -4*s = -3*f + 11, 5 = -q*f + s - 5*s. What is the units digit of f?
1
Suppose 4*l - 12 = -2*l. Suppose h = l*p - 22, 0*p - 10 = -p + h. What is the units digit of p?
2
Let b = 0 - -3. What is the tens digit of b/6 + (-35)/(-2)?
1
Suppose 3*g = 3*x - 135, 4*x = g + 133 + 56. What is the units digit of x?
8
Let l = -49 + 84. What is the units digit of l?
5
Let g = -57 + 106. What is the units digit of g?
9
Suppose -4*o - 4*l + 449 = -o, 5*o = 2*l + 783. What is the tens digit of o?
5
Let t(y) = y**2 - 8*y - 5. Let j be t(9). Suppose 3*v + 4*s + 6 = 53, -5*v + 65 = j*s. What is the units digit of v?
9
Let l(r) = r**2 + r + 2. Let d = 8 + -4. Suppose -4*x - y = y + d, -y = 2. What is the units digit of l(x)?
2
Let l(u) = -u**3 - 6*u**2 + u + 16. What is the tens digit of l(-6)?
1
Suppose c + 2 = s + 3, 0 = 3*c - 4*s - 4. Suppose c = -n - 3*n + 20. What is the units digit of 4/2*(9 - n)?
8
Suppose 2*q = 69 - 7. Let p = q - -1. What is the tens digit of p?
3
Let w be 18/8*40/15. Suppose -2*a + w = a. What is the units digit of (-21)/a*2/(-3)?
7
Suppose 13 - 33 = -2*k. Let d = k + -5. What is the units digit of d?
5
Let k(j) = 6 + 11*j**2 - 4*j**3 + 3*j**3 + 1. What is the units digit of k(11)?
7
Suppose -4*w = b - 17, 0*b = -b + 2*w + 35. What is the units digit of b?
9
Let c(p) = p + 4. What is the units digit of c(2)?
6
Let j = -57 - -61. What is the units digit of j?
4
Suppose 0 = -4*r + 5*j - 1, -5*r - 3*j = -0*r - 45. What is the units digit of (21/4)/(r/24)?
1
Let p(c) = c**2 + 2*c - 4. Let t be p(-4). Let v(d) = -d**2 + 8*d + 2. What is the tens digit of v(t)?
1
Suppose 0 = 2*w + 3*w + 65. Let t = -5 - w. Suppose -3*x = -t - 4. What is the units digit of x?
4
Let g(b) = -4*b - 1. Let p be g(2). Let l = p - -14. Suppose 2*d = -n - 2*n + 20, 31 = l*n + d. What is the units digit of n?
6
Suppose 10*y + 72 = 12*y. What is the units digit of y?
6
Suppose 4*b = -0*b + 116. Let k(a) = -a**3 - 9*a**2 + 11*a - 8. Let o be k(-10). Let q = b + o. What is the units digit of q?
1
Let q(y) = -y**3 - 26*y**2 - 5*y - 2. What is the tens digit of q(-26)?
2
Let k = -97 - -178. What is the tens digit of k?
8
Let b = -98 + 172. What is the tens digit of b?
7
Let q be (1 - -3)*(1 - 0). Suppose 0*f = -q*f - 5*w - 24, f - 5*w = -6. Let j(t) = -t**2 - 10*t - 8. What is the tens digit of j(f)?
1
Suppose -5*k + 2*t + 594 = -t, 0 = 3*k - 3*t - 360. Suppose 5*c = 2*c + k. What is the units digit of c?
9
What is the units digit of 4/((-8)/52*-1)?
6
Suppose 2*z = -3*j + 8, -j + z + 11 = -0*z. Let w be (-1)/j - 95/(-30). What is the units digit of 20/w + 2/6?
7
Let l(o) = o**3 + 4*o**2 - 2*o - 4. Let f be l(-4). Suppose -p = -j - 4*p + 19, 54 = f*j + p. What is the units digit of j?
3
Suppose 8 = -2*p + 4*d, -p - 24 = -5*p - 2*d. Suppose -5*t + 52 = -4*w, p*w + 44 = 2*t + 2*t. What is the units digit of t?
8
Let h(b) = b**2 + 5*b + 5. Let r be h(-5). Suppose -3*f - 8 = -r*f. Suppose -f*z - 20 = -76. What is the units digit of z?
4
Let n be -5 + (-1 - -7 - 3). Suppose 0 = -2*u + 6*u + 3*b - 9, -3*b + 12 = 5*u. Let r = n + u. What is the units digit of r?
1
What is the units digit of 4169/55 - (-2)/10?
6
Suppose 7*t - 8 = 6*t. What is the units digit of t?
8
Suppose -4*s + 7*s - 3*r = -27, -2*s - 17 = -3*r. Let o = 15 + s. What is the units digit of o?
5
Suppose 0 = 2*z + 3*z - 25. Let s(y) = -2*y + 3. Let u be s(z). Let x = 12 + u. What is the units digit of x?
5
Suppose 0 = 5*g - l + 355, g = 6*g + 5*l + 385. Let j = g - -148. Suppose -5*r + j = 26. What is the tens digit of r?
1
Suppose 0 = -5*n - 31 + 136. What is the units digit of n?
1
Let f be ((-24)/30)/(2/55). Let y = f - -2. What is the units digit of y/6*(-6)/5?
4
Let a(v) = 8*v - 2. Let b be a(2). Suppose 5*l + b = 6*l. What is the tens digit of l?
1
Suppose 3*a - 2*x = 3 + 8, 0 = -2*a - 4*x - 14. Let t = a - 4. Let o = t - -5. What is the units digit of o?
2
Suppose p + 5*d - 14 = 0, -4*p + 4*d - 14 - 2 = 0. Suppose 3*m + 2*m - 40 = 0. Let b = p + m. What is the units digit of b?
7
Suppose 0 = 3*u - 7 - 5. Suppose -s - 2 = -u. What is the units digit of s?
2
Suppose -q + t - 2 = -2*t, 4 = -2*q + 3*t. Let f = q - -12. What is the units digit of f?
0
Suppose 6*z = -15 + 57. Let m(f) = 2*f**2 - 5*f - 6. What is the units digit of m(z)?
7
Let k(h) = 12*h**2 + 4*h + 11. What is the tens digit of k(-3)?
0
Let p(c) = c**2 + 5*c - 8. Let t be p(-7). Suppose 0 = -t*u + 2*u. Suppose -3*v + 28 = -2*s - u, -s = 2. What is the units digit of v?
8
Let y(j) = j**3 - 5*j**2 - 8*j + 9. Let f be y(6). Suppose -7*n + 50 = -2*n. Let c = n + f. What is the units digit of c?
7
Let r = -40 - -70. What is the units digit of r?
0
Let b = -176 - -468. What is the tens digit of b?
9
Let y(x) = -13. Let k(b) = b + 40. Let f(g) = 2*k(g) + 7*y(g). Suppose 40 = 4*r + r - 3*p, 0 = -r - 4*p + 8. What is the units digit of f(r)?
5
Let p(c) = -c**3 - c**2 + 24. Let n(y) = y**3 + 5*y**2 - y - 5. Let g be n(-5). Let v be p(g). Suppose -2*x + v = 2*x. What is the units digit of x?
6
Let f(h) = -h**3 + 12*h**2 + 4*h - 12. What is the units digit of f(12)?
6
Let s = -4 - -3. Let y be (0 - s)/(2 + -3). What is the units digit of (0 + y)/(6/(-12))?
2
Let v(h) = -5*h - 6. Let j(l) = -l + 1. Let n be j(6). What is the units digit of v(n)?
9
Let y(x) = -2*x**3 - 3*x**2 + 4*x - 3. Let v be y(3). Let l(r) = 19*r**3 + 2*r**2 - 2*r + 1. Let p be l(1). What is the units digit of v/p*(-10)/3?
2
Let b(y) = 4*y**2 - y**3 + 3*y**2 - 3*y**2. What is the units digit of b(2)?
8
Suppose 2*h - 5*c - 109 = h, -c - 497 = -5*h. What is the units digit of h?
9
Let u(q) = -3*q**2 + 4*q - 2*q + 4*q**2 - 3. Let a be u(2). Suppose -15 - 5 = -a*i. What is the units digit of i?
4
Suppose 3*u + 2*u - 360 = 0. What is the units digit of u?
2
Let o(x) = -x**2 + 7*x - 6. Let t be o(6). Let c = 4 + t. Suppose 5*h - c*g = 10, -37 = -2*h - 2*g - 3*g. What is the units digit of h?
6
Suppose -1 = 2*s - 9. Suppose 2*n - s = -0*n. Suppose 5*f + 18 = 4*w, -3*w = -f - 6 - n. What is the units digit of w?
2
Let g = -8 + 90. What is the units digit of g?
2
Let z(b) = 22*b + 10. What is the hundreds digit of z(9)?
2
Let j(n) = -6*n + 10. Let l(f) = 2*f - 3. Let g(h) = 5*j(h) + 16*l(h). Suppose -s = -3 - 5. What is the tens digit of g(s)?
1
Let t(k) = k + 6. Let d = 1 + 0. Suppose 5*x - 2*w + d = -4, 3*x + 4*w = -29. What is the units digit of t(x)?
3
Let y(g) = -2*g + 18